late i(d).
6
Let b = 499 + -474. Suppose -53*p = -58*p - b. Let z(r) = r**2 + 2*r - 2. Determine z(p).
13
Let h(z) = -42*z**3 - 3*z**2 - 40*z - 240. Let u(b) = 59*b**3 + 5*b**2 + 60*b + 360. Let w(o) = 7*h(o) + 5*u(o). What is w(-5)?
-5
Let h be (6/4)/1 - 575/(-10). Let q = -3 + h. Let f = -62 + q. Let n(z) = -z**3 - 5*z**2 + 4*z + 6. Give n(f).
18
Let t(c) = c**2 - 3*c**2 + 3*c**2 + 3 - 6*c. Let a = 1540 - 1360. Let n = a - 174. What is t(n)?
3
Let s(h) = -5*h**2 - 3*h - 2. Suppose 15 + 5 = 4*p. Suppose f = -y + 15, -y - 6*f + 5 = -3*f. Suppose -p*t = 30 - y. Calculate s(t).
-16
Let g(z) = -119*z + 955. Let l be g(8). Let v(x) be the second derivative of 1/3*x**l + 7*x + 9/2*x**2 - 1/2*x**4 - 1/20*x**5 + 0. Determine v(-6).
-3
Let k(v) = 2*v - 27. Suppose 3*g + 684 = 5*g + s, -s + 344 = g. Let f = g - 328. Give k(f).
-3
Let m(b) = 3*b - 1. Suppose -9 = -2*w - 5. Let d be ((-10)/(-15))/(w/(-15)). Give m(d).
-16
Let x(d) be the first derivative of -d**5/20 + d**4/2 - 7*d**3/6 + 2*d**2 - 83*d - 85. Let m(n) be the first derivative of x(n). What is m(5)?
-6
Let p(v) = -7*v + 1. Suppose -7*i + 6*i + 3 = 3*k, -2*k + 7 = -i. Let g(l) = -11*l + 1. Let q(f) = k*g(f) - 3*p(f). What is q(-5)?
4
Let j(w) = -11*w + 11. Let s be j(4). Let h = 1 + s. Let k be ((0 + h)/4)/(-2). Let y(x) = -x**2 + 5*x - 4. Give y(k).
0
Let x = 91 + -66. Let u = -20 + x. Let l(j) = j + 1. Give l(u).
6
Let b(w) = -22*w + 20*w + 4 - 16. Let y = 1750 + -1755. What is b(y)?
-2
Let r(j) = 2*j + 33. Let h(f) = f**2 - 33*f + 46. Let v(y) = y**3 + 5*y**2 - 29*y - 9. Let o be v(-8). Let b be h(o). Calculate r(b).
1
Suppose 1888*o = -3*f + 1891*o + 6, 0 = 2*f + 2*o - 4. Let u(x) = 31*x - 71. What is u(f)?
-9
Let a(b) = -b + 16. Suppose -20*o = 18716 - 19276. Calculate a(o).
-12
Let k(q) be the first derivative of q**4/4 + 11*q**3/3 + 12*q**2 - 8*q + 6005. Determine k(-8).
-8
Let g(h) = -475 + 13*h**2 + 19*h + 425 - 12*h**2. Calculate g(-24).
70
Let v(s) = -s**3 - 13*s**2 - 39*s + 10. Let n be v(-8). Let o(m) = -196 + 3*m**2 + 4*m**n + 197 - m. Give o(2).
27
Let d(q) = -q**3 + 4*q**2 + 4*q - 12. Suppose 76*a = 4*b + 74*a - 10, 4*b + a - 13 = 0. Give d(b).
9
Let x(a) = a**3 - 7*a**2 + 15*a - 15. Let f be 903/602 - (30/(-4))/3. Determine x(f).
-3
Let z(p) be the third derivative of p**5/60 - 43*p**2. Let y = -581 - -583. Give z(y).
4
Suppose 2*o - 4*b = -12, 4*b = 5*o + 25 - 7. Let v be o/16 - 1176/(-192). Let k(j) = -j**3 + 5*j**2 + 6*j - 7. Determine k(v).
-7
Let s(q) be the second derivative of -q**5/20 + 7*q**4/12 + 7*q**3/6 + q**2/2 - 545*q. What is s(7)?
50
Let t be ((-9)/(-12))/(12/208). Let l(z) = -z**2 + 9*z + 42. What is l(t)?
-10
Let c(p) = -7*p - 5. Let t(i) = -14*i + 5*i - 4*i - 9. Let g(f) = -7*c(f) + 4*t(f). Suppose 17*w - 9*w + 8 = 0. Determine g(w).
2
Let b(g) = -127*g**2 + 2156*g + 53. Let a be b(17). Let r(w) be the third derivative of w**5/20 - w**4/8 - w**2. Calculate r(a).
6
Let x(h) = -2*h**2 + 12*h - 2. Let q = -168 - -176. Let t be (-5 + q)*(14 + -12). Determine x(t).
-2
Let h(j) = 2 + 3*j - 2 + 5. Suppose -3*s - v - 19 = 0, 25*v - 22*v = 2*s - 13. Give h(s).
-7
Let u(i) = 3*i + 2193*i**2 - 4388*i**2 + 2196*i**2 - 61 + 6*i - i. Calculate u(-13).
4
Suppose -65*q = -47*q. Let i(x) = -x**2 - 2*x + 19. Determine i(q).
19
Let f(s) = 2*s**2 + 9*s - 7. Suppose 5*h = b + 292, -2*b + 15 = 3*b. Let w = h + -54. Let q(o) = o**2 + 4*o - 4. Let k(r) = w*q(r) - 3*f(r). Determine k(-6).
7
Let m be 7 + (-6)/2*(-24)/(-18). Suppose -2*b + 11 = -3*t, 5*b + m = 4*t + 13. Let c(x) = x - 1. Let o(f) = 20*f - 5. Let h(q) = t*c(q) + o(q). Give h(1).
15
Let o be ((-9)/(-6) - 1) + 2/(-4). Let t(w) be the second derivative of w**4/12 + w**3/6 - 5*w**2/2 + 15*w. Determine t(o).
-5
Let c be 835/(-7) + (-6)/(-21). Let n = 115 + c. Let v(q) = -q + 2. Give v(n).
6
Let h = -796 + 1219. Let r = h - 425. Let d(n) = 17*n. What is d(r)?
-34
Suppose -1197 = -2*y - 55*y. Let s(l) = 2*l**2 - 41*l - 34. Determine s(y).
-13
Let v(n) = -21*n**2 - 10 + 7*n + 9*n**3 - 5*n**3 - 5*n**3 + 42*n**2 - 20*n**2. Calculate v(0).
-10
Suppose 260 = 16*q + 180. Let n(o) = -o**3 + 3*o**2 - 4*o + 9. Give n(q).
-61
Let f(y) = -21*y + 2. Let q(h) = -108*h + 8. Let k(u) = 5*f(u) - q(u). Determine k(0).
2
Let a(g) = -14*g + 27. Let f(b) = -4*b + 12. Let s(o) = -2*a(o) + 5*f(o). Calculate s(-4).
-26
Let w(u) = u**2 - u + 6. Let o be w(7). Suppose -14*j - o = -22*j. Let f(h) = h**2 - 6*h - 3. Determine f(j).
-3
Let i(m) be the third derivative of m**6/120 - 19*m**5/60 + 17*m**4/24 + m**3 + 2001*m**2 - 3. Calculate i(18).
-12
Let o be 1/(-3) - (-16)/(-6). Let d(u) = 2863 + 2827 - 5686 + 6*u. Give d(o).
-14
Suppose -16*z = -5*j - 17*z + 50, 2*j = -z + 23. Let l(x) = x**2 - 8*x - 12. Determine l(j).
-3
Let f = 3118 - 3112. Let u(g) = -5*g**3 + 46*g**2 - 25*g - 5. Let w(z) = z**3 - 9*z**2 + 5*z + 1. Let y(i) = -2*u(i) - 11*w(i). Calculate y(f).
5
Let f(v) = -45*v + 23. Let q(m) = -100*m + 43. Let u(j) = 9*f(j) - 4*q(j). Determine u(16).
-45
Let h(n) = 2*n**3 - 10*n**2 - 10*n + 7. Let z(p) = -6*p**2 + 41*p - 24. Let c be z(6). Calculate h(c).
19
Let n(q) = 3*q - 10. Let k(p) be the first derivative of -3*p**2/2 + 8*p - 19. Let h(y) = 3*k(y) + 2*n(y). Give h(3).
-5
Let i(s) = -s**3 - 5*s**2 + 4*s - 7. Let n(w) be the second derivative of -2*w**3/3 - 45*w**2 + 12*w - 8. Let m be n(-21). Determine i(m).
5
Suppose 5*a = -3*k + 36, 4*k - 30 = -a + 1. Let r be 65/10 - 1/(-2). Let b(y) = k - r*y + 10*y - 10. Calculate b(-3).
-12
Let k = -2 - -4. Let g be (4/(-13))/((-68)/442). Let z(r) = 2*r**g - 5 + 6*r + 4*r**3 - k*r + 4 - 3*r. Give z(-2).
-27
Let l(k) = -4*k**2 + 36*k + 2. Let p be l(8). Suppose -2*r = -p + 42. Let y(s) be the third derivative of s**4/6 + 5*s**3/6 + s**2. Determine y(r).
-11
Let c(g) = -3*g**3 - g**2 + g - 1. Let k be c(1). Let x(v) = 17 + 0*v + 21 + 5*v - 15. Let f be x(k). Let j(h) = h**3 - h**2 - h - 1. What is j(f)?
14
Let g be (-123)/(-12)*2*(-9 + 11). Let k(h) = -91 + 2*h + 55 + g. Calculate k(-11).
-17
Suppose h - 50 = -5*d, -3*h + d = -44 + 6. Let k(c) = c**3 - 16*c**2 + 22*c - 36. What is k(h)?
69
Let x(r) = -r - 19. Suppose -90 = -2*l - 5*k, -11 + 1 = 5*k. Let p = l - 67. Determine x(p).
-2
Let w(a) = -5*a**2 + 4*a + 17. Let b be w(7). Let l be (-6)/(-5)*b/(-60). Suppose 0 = -l*h - 4*h - 16. Let n(p) = 2*p - 1. Give n(h).
-5
Let y(f) = f**3 + 7*f**2 + 10*f + 11. Suppose -2*g + 28 = -5*j, 22*j - 5*g + 1 = 21*j. What is y(j)?
-13
Let s(k) = -48*k**2 - 42*k - 107. Let z(a) = 17*a**2 + 13*a + 36. Let y(q) = 6*s(q) + 17*z(q). What is y(32)?
2
Let x(d) = -5*d**2 + 23*d - 37. Let w be x(2). Let z(s) = -s**2 - 10*s - 20. Calculate z(w).
-31
Let a(t) be the third derivative of t**5/30 + 7*t**4/12 + t**3/6 - 89*t**2 - 3*t. Give a(-6).
-11
Suppose 4*q + 1 = 5*n + 29, -q - n + 7 = 0. Let u(j) = -4*j + 0*j**2 + j**2 + 15 - 12 - 2*j. Give u(q).
10
Let u(l) = 3*l - 2. Suppose -f - 825 = 2*g, -218*f + 416 = -g - 222*f. Let h = g + 412. Calculate u(h).
-2
Let w(u) be the second derivative of -19*u**3/6 - 2*u**2 + 1112*u. What is w(1)?
-23
Let b(c) be the third derivative of 7*c**4/12 - 280*c**3/3 + 58*c**2 + 5*c + 5. Determine b(40).
0
Let z be 5 - (4/(-6) + -12*30/(-135)). Let x(n) = n**3 + 3*n**2 - 7*n + 6. Determine x(z).
39
Let a(w) = -1 - 6*w**2 + 3889*w + 0*w**3 - 3890*w - 3*w**3 + 4*w**3. Let y(d) = -2*d - 8. Let t be y(-7). What is a(t)?
-7
Let n(k) be the second derivative of 0 + 20*k - 1/360*k**6 + 1/40*k**5 + 1/3*k**4 - 7/3*k**3 + 0*k**2. Let h(g) be the second derivative of n(g). What is h(6)?
-10
Let r be ((-80)/560*(-14)/(-240))/(2/(-4)). Let f(a) be the third derivative of 0 + r*a**5 + 22*a**2 + a**3 + 0*a**4 + 0*a. Give f(0).
6
Let f(i) = 4*i + 82. Let x(m) = -m**3 - 13*m**2 - 11*m - 7. Let w be x(-12). Let q be f(w). Let o(z) = 0 + z**3 - 5*z**2 - z**2 - 1. What is o(q)?
-1
Let j(f) = f**2 + f - 3. Let q be 4/6*(-24)/16 - 7. Let i be 36/q*(-6)/9. Let l be 56/20 - ((-9)/15)/i. Give j(l).
9
Let x(u) = u**3 + 4*u**2 - 44*u + 16. Let p be x(-9). Suppose p*r = -20*r + 108. Let y(o) = -2*o**2 + o + 3. Give y(r).
-25
Let r(i) = -10 + 1 - 5*i**2 + 3*i**2 + 12. Let j(z) = 3*z**2 - 4. Let c(a) = -5*j(a) - 7*r(a). Let v = -2 - -1. Calculate c(v).
-2
Let q be (-82)/(-14) - 19/931*-7. Let l(j) be the third derivative o